5
In base 2, what is -1001001101010011100 - 11?
-1001001101010011111
In base 10, what is -129 - 179?
-308
In base 12, what is -4 - 4039?
-4041
In base 11, what is -3008 + -23?
-3030
In base 6, what is 20335021 - 5?
20335012
In base 4, what is 11 - 1130211?
-1130200
In base 4, what is 1010 + 12210303?
12211313
In base 14, what is 386 + 35?
3bb
In base 4, what is 20232112 + -2?
20232110
In base 12, what is 76 + -11784?
-1170a
In base 16, what is 2 - c5cd8?
-c5cd6
In base 2, what is -1111111 - -10001011101001100?
10001011011001101
In base 9, what is 3501 + 43?
3544
In base 10, what is 2 + 170968?
170970
In base 9, what is -3200 + -330?
-3530
In base 16, what is 6ef - -e?
6fd
In base 6, what is 33143 + -30?
33113
In base 10, what is -1 - -38210?
38209
In base 3, what is -11 - 1102220010?
-1102220021
In base 12, what is 344a + -132?
3318
In base 10, what is 48708 + 4?
48712
In base 13, what is -7 + -7319?
-7323
In base 2, what is 1111111 - -1110010?
11110001
In base 13, what is -4454 - c?
-4463
In base 4, what is 30131101 + 1?
30131102
In base 15, what is -2841 - da?
-292b
In base 9, what is -285 - -42?
-243
In base 10, what is -145049 + -5?
-145054
In base 4, what is -11303010 - 101?
-11303111
In base 4, what is 1030030 - -3223?
1033313
In base 14, what is 192c + 31?
195d
In base 2, what is 1111000 + -10001101000?
-1111110000
In base 15, what is -137e + -19c?
-152b
In base 5, what is 13302104 + 11?
13302120
In base 7, what is 456 + 14312?
15101
In base 13, what is -1761 + -15?
-1776
In base 5, what is 4 - 43114?
-43110
In base 15, what is b1 + -16?
9a
In base 8, what is -43 + 3437?
3374
In base 10, what is -47 + -1477?
-1524
In base 2, what is 101 - -11101010001000100001?
11101010001000100110
In base 6, what is -3 - -51515?
51512
In base 13, what is 7728 - -32?
775a
In base 3, what is -22112 - 2102000?
-2201112
In base 11, what is -68 - 4a4?
-561
In base 3, what is 2 + 20010212101?
20010212110
In base 4, what is 32330 + -120?
32210
In base 12, what is -3 + 5313?
5310
In base 4, what is -1 - 3120111?
-3120112
In base 8, what is 2 - 2314745?
-2314743
In base 12, what is 1a9 - -63a?
827
In base 9, what is 0 + 363830?
363830
In base 13, what is 8 - -3b640?
3b648
In base 5, what is 31 + 41234130?
41234211
In base 9, what is 181087 + -3?
181084
In base 2, what is -100 + -100100101110011?
-100100101110111
In base 10, what is -4 - 1973913?
-1973917
In base 15, what is 791 + 37d?
b1e
In base 8, what is 3 + -42260?
-42255
In base 15, what is -18 + -2b10?
-2b28
In base 14, what is -15 + -1197?
-11ac
In base 7, what is 220514 - -5?
220522
In base 2, what is 0 - -10001100111000011010?
10001100111000011010
In base 6, what is 5 + -52033040?
-52033031
In base 4, what is 3110320 + 2221?
3113201
In base 12, what is a8326 - -2?
a8328
In base 2, what is -10 + 11101101100001101?
11101101100001011
In base 6, what is 31 + -313450?
-313415
In base 16, what is -5 - ea534?
-ea539
In base 13, what is a0a5 + -31?
a074
In base 16, what is 7f2 + -6?
7ec
In base 6, what is -1230 - -100?
-1130
In base 13, what is 7b + -11c85?
-11c07
In base 14, what is -6 - 1481?
-1487
In base 8, what is -122265 - -2?
-122263
In base 5, what is 1240 + 213?
2003
In base 3, what is -101 + 112120212?
112120111
In base 13, what is -4b746 + -3?
-4b749
In base 5, what is -4 + 22144322?
22144313
In base 10, what is 10704 + -5?
10699
In base 13, what is -2 + -90b76?
-90b78
In base 16, what is -2 - 11811?
-11813
In base 5, what is -23242 - 223?
-24020
In base 7, what is -114 + 102651?
102534
In base 6, what is 0 + -21541254?
-21541254
In base 9, what is -3 - 364084?
-364087
In base 11, what is 1 - -8335?
8336
In base 16, what is -22ad - -5?
-22a8
In base 11, what is 0 - 916?
-916
In base 15, what is b011 + 16?
b027
In base 10, what is 52147 - -3?
52150
In base 14, what is 227 - 27c?
-55
In base 5, what is 42302 + 41101?
133403
In base 16, what is 3795 + -6?
378f
In base 7, what is 3 - -3426610?
3426613
In base 15, what is 21cc + 0?
21cc
In base 12, what is 5 - 94b96?
-94b91
In base 11, what is -7 - -11569?
11562
In base 9, what is -42 - -806?
754
In base 8, what is 14 + 263761?
263775
In base 6, what is 3453 + 10?
3503
In base 12, what is -42755 - 3?
-42758
In base 13, what is 35 + 522?
557
In base 8, what is 20271 - -4?
20275
In base 13, what is -1 - 1b0457?
-1b0458
In base 15, what is 5 + -68080?
-6807a
In base 8, what is 357 - 360?
-1
In base 9, what is 150 - -22?
172
In base 2, what is -1 + -10010101101000?
-10010101101001
In base 8, what is 565 + 12?
577
In base 5, what is -3 - 100021332?
-100021340
In base 3, what is -11 + -1002122012?
-1002122100
In base 12, what is 1b458 + -1?
1b457
In base 16, what is -6a + -29bd?
-2a27
In base 10, what is 1105702 - 5?
1105697
In base 4, what is -3 + 223121?
223112
In base 2, what is 1 - 1101111110111001101?
-1101111110111001100
In base 12, what is -38 + 1335?
12b9
In base 8, what is 2160 + -2?
2156
In base 16, what is -f7 - 146?
-23d
In base 9, what is 0 - 8617?
-8617
In base 14, what is -7 + -1c714?
-1c71b
In base 12, what is 5a22 - 11?
5a11
In base 16, what is -b1 - 225?
-2d6
In base 5, what is 2 + -133114031?
-133114024
In base 14, what is 127c - -604?
1882
In base 2, what is 101 + -100111011011110000?
-100111011011101011
In base 16, what is -a8 + 3989?
38e1
In base 2, what is 10100 + 1011001010?
1011011110
In base 6, what is -4010451 + 25?
-4010422
In base 9, what is 134217 + 5?
134223
In base 9, what is 4841 - 30?
4811
In base 2, what is -10 + -1110110111000?
-1110110111010
In base 6, what is 141055 + 5?
141104
In base 8, what is 3 - -5465?
5470
In base 15, what is -2c1a0 + -3?
-2c1a3
In base 5, what is -1021443231 - -3?
-1021443223
In base 3, what is 10 - 22200112110?
-22200112100
In base 7, what is 2 - 26544?
-26542
In base 2, what is 10000111100110 + 11110?
10001000000100
In base 15, what is -33695 - 2?
-33697
In base 14, what is -109 + -5d6?
-701
In base 4, what is 3 - 213031000?
-213030331
In base 14, what is 16 - 6633?
-661b
In base 12, what is 7405 + 3?
7408
In base 2, what is -111111101111111 - -11?
-111111101111100
In base 16, what is 19c - -1e2?
37e
In base 6, what is -135050 + -332?
-135422
In base 7, what is -12012 + -20?
-12032
In base 4, what is -11 + -1323030003?
-1323030020
In base 14, what is -3 + -63b3?
-63b6
In base 9, what is 11 - 3150?
-3138
In base 16, what is 72 - -9ed?
a5f
In base 10, what is -36 + 26451?
26415
In base 7, what is 341311 - -2?
341313
In base 7, what is 1 - 23056?
-23055
In base 13, what is c + 11c?
12b
In base 2, what is 11 - -1011000101010101100?
1011000101010101111
In base 2, what is -11011101 + -10001?
-11101110
In base 10, what is -34 - -6359?
6325
In base 5, what is -3 + -2410?
-2413
In base 11, what is -2459 + 25?
-2434
In base 10, what is 2872 + 135?
3007
In base 12, what is -230 + -112b?
-135b
In base 4, what is 103321211 - 10?
103321201
In base 6, what is -154 - -2553?
2355
In base 16, what is d7f60 - -5?
d7f65
In base 6, what is 5045212 + 0?
5045212
In base 5, what is 130 + -12421?
-12241
In base 12, what is 4ab10 + 6?
4ab16
In base 16, what is 60 + 457?
4b7
In base 7, what is -631402 + 30?
-631342
In base 13, what is -59cc - 1?
-5a00
In base 15, what is 5 - 7b6?
-7b1
In base 3, what is -2 - -2211102200?
2211102121
In base 2, what is 101010000010 + -10110?
101001101100
In base 7, what is 21320 + -54?
21233
In base 13, what is -12c + -348?
-477
In base 9, what is 16 + 1838?
1855
In base 8, what is 4677 + -703?
3774
In base 3, what is 20012220 + -22122?
12220021
In base 15, what is -1 - -1dc80?
1dc7e
In base 15, what is -5 + 28244?
2823e
In base 16, what is -1362 + 9?
-1359
In base 7, what is -2640 + -31?
-3001
In base 9, what is 20165 + -1?
20164
In base 3, what is -2 - 1011120202?
-1011120211
In base 16, what is -133 + 66a?
537
In base 8, what is 10075 - -120?
10215
In base 9, what is -6240 + -65?
-6315
In base 5, what is -22320 + 2?
-22313
In base 10, what is 584 - 12?
572
In base 6, what is -202 - -103253?
103051
In base 11, what is 62 - a41?
-98a
In base 14, what is -3 - 125?
-128
In base 11, what is -9 - 24740?
-24749
In base 15, what is 122915 + -3?
122912
In base 3, what is -1102202112120 - -12?
-1102202112101
In base 8, what is 2106501 + 1?
2106502
In base 13, what is -aa86c + 4?
-aa868
In base 